{"id":74,"date":"2018-01-30T19:03:05","date_gmt":"2018-01-30T18:03:05","guid":{"rendered":"http:\/\/ncs-environnement.fr\/?page_id=74"},"modified":"2018-11-16T17:35:46","modified_gmt":"2018-11-16T16:35:46","slug":"tmd","status":"publish","type":"page","link":"https:\/\/ncs-environnement.fr\/?page_id=74","title":{"rendered":"TMD"},"content":{"rendered":"<p><img loading=\"lazy\" decoding=\"async\" src=\"http:\/\/ncs-environnement.fr\/wp-content\/uploads\/2018\/11\/Images-etiquette-de-danger-tmd.jpg\" alt=\"\" width=\"1058\" height=\"179\" \/><\/p>\n<p>Vous \u00eates concern\u00e9s par l&rsquo;obligation de d\u00e9signer un <strong>conseiller \u00e0 la s\u00e9curit\u00e9 pour le Transport de Marchandises Dangereuses (CSTMD)<\/strong> ? <\/p>\n<p>Titulaire du dipl\u00f4me de CSTMD toutes classes de danger et tous modes de transport, je vous propose l&rsquo;externalisation de cette mission :<\/p>\n<ul>\n<li>Diagnostic initial pour s\u2019assurer de votre obligation d\u2019avoir un CSTMD<\/li>\n<li>Visite annuelle \u2013 audit TMD<\/li>\n<li>Rapport annuel<\/li>\n<li>Plan d\u2019action, recommandations<\/li>\n<li>Assistance (r\u00e9daction de proc\u00e9dures, modes op\u00e9ratoires, plan de s\u00fbret\u00e9, check-list de contr\u00f4le, audit transporteur, &#8230;)<\/li>\n<li>Veille r\u00e9glementaire<\/li>\n<li>Analyse des accidents<\/li>\n<li>Formation des intervenants (cf. chapitre 1.3 de l\u2019ADR)<\/li>\n<\/ul>\n<p>Vous souhaitez \u00eatre accompagn\u00e9 dans la <strong>classification<\/strong> de vos produits au titre de la r\u00e9glementation TMD. Je vous propose :<\/p>\n<ul>\n<li>Classification des mati\u00e8res (chapitre 14 des FDS)<\/li>\n<li>Saisie des donn\u00e9es transport dans votre ERP<\/li>\n<\/ul>\n<p>Contactez moi via le <a href=\"http:\/\/ncs-environnement.fr\/?page_id=18\">formulaire de contact<\/a> pour l&rsquo;\u00e9tablissement d&rsquo;un devis.<\/p>\n","protected":false},"excerpt":{"rendered":"<p>Vous \u00eates concern\u00e9s par l&rsquo;obligation de d\u00e9signer un conseiller \u00e0 la s\u00e9curit\u00e9 pour le Transport de Marchandises Dangereuses (CSTMD) ? Titulaire du dipl\u00f4me de CSTMD toutes classes de danger et tous modes de transport, je vous propose l&rsquo;externalisation de cette mission : Diagnostic initial pour s\u2019assurer de votre obligation d\u2019avoir un CSTMD Visite annuelle \u2013 [&hellip;]<\/p>\n","protected":false},"author":1,"featured_media":0,"parent":2,"menu_order":0,"comment_status":"closed","ping_status":"closed","template":"","meta":{"footnotes":""},"_links":{"self":[{"href":"https:\/\/ncs-environnement.fr\/index.php?rest_route=\/wp\/v2\/pages\/74"}],"collection":[{"href":"https:\/\/ncs-environnement.fr\/index.php?rest_route=\/wp\/v2\/pages"}],"about":[{"href":"https:\/\/ncs-environnement.fr\/index.php?rest_route=\/wp\/v2\/types\/page"}],"author":[{"embeddable":true,"href":"https:\/\/ncs-environnement.fr\/index.php?rest_route=\/wp\/v2\/users\/1"}],"replies":[{"embeddable":true,"href":"https:\/\/ncs-environnement.fr\/index.php?rest_route=%2Fwp%2Fv2%2Fcomments&post=74"}],"version-history":[{"count":14,"href":"https:\/\/ncs-environnement.fr\/index.php?rest_route=\/wp\/v2\/pages\/74\/revisions"}],"predecessor-version":[{"id":375,"href":"https:\/\/ncs-environnement.fr\/index.php?rest_route=\/wp\/v2\/pages\/74\/revisions\/375"}],"up":[{"embeddable":true,"href":"https:\/\/ncs-environnement.fr\/index.php?rest_route=\/wp\/v2\/pages\/2"}],"wp:attachment":[{"href":"https:\/\/ncs-environnement.fr\/index.php?rest_route=%2Fwp%2Fv2%2Fmedia&parent=74"}],"curies":[{"name":"wp","href":"https:\/\/api.w.org\/{rel}","templated":true}]}}